1
Let n(f) = -498*f**2 - 697*f - 697. Give n(-1).
-498
Let v(m) = -5*m**2 + m - 20. Calculate v(-5).
-150
Let l(m) = 10573*m + 84577. Give l(-8).
-7
Let i(x) = 242*x + 4363. Give i(-18).
7
Let n(z) = -121*z - 36. Determine n(3).
-399
Let t(b) = -b**3 - 74*b**2 + 836*b. Calculate t(-84).
336
Let m(q) = -2*q**2 + 52*q + 43. Give m(23).
181
Let n(h) = -105*h - 5040. Calculate n(-49).
105
Let y(j) = 3241*j + 42124. Determine y(-13).
-9
Let t(v) = -47*v - 1878. What is t(-25)?
-703
Let k(u) = -3*u**2 - 73*u + 155. What is k(2)?
-3
Let k(t) = -t**3 + 25*t**2 - 152*t + 22. Give k(15).
-8
Let j(k) = -6*k**2 - 217*k - 32. Determine j(-36).
4
Let r(w) = 4589*w + 68826. Give r(-15).
-9
Let h(o) = -1496*o - 106225. Calculate h(-71).
-9
Let i(r) = r**2 - 136*r - 18181. Give i(219).
-4
Let i(h) = h**3 + 4*h**2 + 9*h - 8. What is i(1)?
6
Let w(g) = 5*g**3 - 25*g**2 - 7*g - 5. Determine w(6).
133
Let j(l) = -730*l + 11698. What is j(16)?
18
Let y(m) = -2*m**2 - 81*m - 230. Determine y(-3).
-5
Let u(i) = i**2 + 73*i + 182. Calculate u(-70).
-28
Let t(u) = 889*u + 7115. Give t(-8).
3
Let z(d) = -9716*d + 77723. Calculate z(8).
-5
Let z(m) = 2*m**2 + 139*m - 832. Give z(-75).
-7
Let i(p) = p**2 + 63*p + 343. Determine i(-6).
1
Let s(z) = -z**2 + 4*z - 11. Give s(12).
-107
Let a(d) = -d**2 - 22*d + 92. What is a(8)?
-148
Let n(t) = -30*t + 193. Calculate n(7).
-17
Let h(j) = 10010*j + 160163. Calculate h(-16).
3
Let n(r) = 5*r**2 + 60*r + 30. Calculate n(-16).
350
Let k(g) = g**2 + 61*g + 878. What is k(-36)?
-22
Let o(g) = 4*g**2 - 707*g + 22641. Give o(42).
3
Let u(o) = 13*o - 6. Determine u(1).
7
Let f(h) = 52*h + 611. What is f(-12)?
-13
Let k(v) = -15*v - 66. What is k(10)?
-216
Let a(w) = -3*w**2 - 95*w + 134. What is a(-33)?
2
Let s(k) = k**3 - 6*k**2 - 32*k + 313. Determine s(10).
393
Let h(s) = -s**2 + 351*s + 10952. Calculate h(-29).
-68
Let f(a) = a**3 - 42*a**2 - 37*a - 274. Calculate f(43).
-16
Let f(y) = y**2 + 162*y + 1233. Give f(-8).
1
Let q(c) = -5091*c - 30426. Determine q(-6).
120
Let r(s) = 3*s**3 - 7*s**2 - 22*s + 48. Calculate r(3).
0
Let k(j) = -2*j**3 - 66*j**2 - 28*j - 918. Calculate k(-33).
6
Let k(t) = t**2 - 132*t + 1232. Give k(10).
12
Let o(k) = 905*k - 64242. Determine o(71).
13
Let o(h) = -h**2 - 74*h + 733. Give o(10).
-107
Let i(r) = r**3 - 19*r**2 + 45*r - 197. Determine i(17).
-10
Let m(o) = -4376*o - 13132. Give m(-3).
-4
Let t(r) = 224*r + 13888. What is t(-62)?
0
Let m(h) = 48*h + 2536. Calculate m(-53).
-8
Let a(g) = -2*g**3 + 6*g**2 - 2*g + 8. Give a(3).
2
Let l(r) = -265*r + 22776. What is l(86)?
-14
Let v(j) = 190*j**3 + 2*j**2 + 4*j - 5. What is v(1)?
191
Let k(a) = 890*a - 17804. Determine k(20).
-4
Let b(n) = -n**2 + 10*n + 27. Calculate b(-2).
3
Let a(x) = -9*x + 2. Determine a(19).
-169
Let g(r) = -r**2 + 63*r - 958. Give g(33).
32
Let h(m) = -1039*m - 32198. Determine h(-31).
11
Let y(b) = -42*b**3 + 3*b**2 + 2*b - 7. Give y(2).
-327
Let a(n) = 2*n**3 - 3*n**2 - 5*n - 12. Determine a(4).
48
Let j(l) = 2*l**2 + 156*l + 462. Calculate j(-3).
12
Let f(j) = j**2 + 22*j - 159. Give f(-12).
-279
Let o(y) = y**3 - 21*y**2 - 17*y + 10. What is o(22)?
120
Let b(n) = -139*n + 544. What is b(3)?
127
Let x(t) = 188*t + 4. What is x(0)?
4
Let f(m) = 292*m + 3498. Give f(-12).
-6
Let i(u) = 2*u**3 - 19*u**2 + 15*u - 3. Calculate i(5).
-153
Let t(o) = 4*o**2 - 25*o - 222. What is t(-15)?
1053
Let s(r) = -r**3 + 34*r**2 - 17*r - 565. What is s(33)?
-37
Let h(i) = 1616*i + 27465. Determine h(-17).
-7
Let g(f) = 69*f - 813. Determine g(12).
15
Let i(g) = g**3 - 38*g**2 + 41*g - 9. What is i(37)?
139
Let i(x) = -x**3 + 7*x**2 + 9*x - 9. Calculate i(8).
-1
Let s(b) = -b**2 - 52*b - 133. What is s(-54)?
-241
Let c(y) = -y**3 - 16*y**2 - 38*y - 195. Give c(-14).
-55
Let h(b) = -2*b**3 - 19*b**2 + 91*b - 72. Calculate h(-13).
-72
Let k(w) = w**3 + 116*w**2 - 115*w + 216. Determine k(-117).
-18
Let l(c) = -4*c**3 - 2*c**2 - 7*c + 12. Give l(3).
-135
Let y(h) = 1432*h + 58684. Determine y(-41).
-28
Let f(u) = -7*u**2 + 3*u + 15. What is f(0)?
15
Let v(x) = 5*x**2 + 8*x + 34. Give v(0).
34
Let u(g) = -418*g - 2063. Determine u(-5).
27
Let y(k) = -k**2 + 10*k + 210. Give y(24).
-126
Let k(y) = -2*y**2 - 93*y - 547. Calculate k(-7).
6
Let c(r) = 3*r**2 - 541*r + 5596. What is c(11)?
8
Let t(i) = 7*i**3 - 81*i**2 - 44*i + 89. Determine t(12).
-7
Let w(s) = s**3 + 9*s**2 - 40*s - 324. Give w(-10).
-24
Let x(t) = t**3 + 296*t**2 + 16284*t + 1121. What is x(-223)?
6
Let c(t) = -t**3 - 68*t**2 + 58*t - 739. Give c(-69).
20
Let s(z) = -2*z**2 - 276*z - 272. Calculate s(-137).
2
Let n(o) = 5*o**2 - 68*o - 314. Calculate n(-5).
151
Let u(w) = -w**2 + 226*w + 27261. What is u(-87)?
30
Let s(i) = -i**3 + 2*i**2 - i - 69. Determine s(5).
-149
Let t(p) = -p**2 + 40*p + 382. Determine t(32).
638
Let y(l) = -l**2 + 51*l + 429. Calculate y(43).
773
Let y(d) = 81*d + 64. Give y(5).
469
Let n(s) = 1058*s - 15863. Calculate n(15).
7
Let s(k) = k**2 + 19*k + 65. Give s(-13).
-13
Let p(v) = -34*v - 460. Determine p(24).
-1276
Let i(l) = -6023*l + 84317. Calculate i(14).
-5
Let h(g) = -31*g - 501. Give h(-14).
-67
Let k(d) = 41*d - 479. Determine k(12).
13
Let z(p) = -p**3 + 14*p**2 + 10*p - 470. Calculate z(8).
-6
Let k(z) = -2*z**3 - 6*z**2 - 17*z - 46. Give k(-3).
5
Let o(z) = -327*z + 3261. What is o(10)?
-9
Let r(z) = 8*z**2 - 69*z - 263. What is r(11)?
-54
Let k(r) = 470*r - 2860. Calculate k(6).
-40
Let g(o) = -o**2 - 29*o + 231. Determine g(-36).
-21
Let r(h) = -7*h + 123. Calculate r(-14).
221
Let w(b) = 210*b - 17222. Give w(82).
-2
Let m(w) = -4*w**3 - 29*w**2 - 5*w - 52. What is m(-7)?
-66
Let i(h) = -8*h - 6. Determine i(5).
-46
Let i(y) = y**2 - 19*y + 48. Calculate i(16).
0
Let l(j) = -4*j**3 - 12*j - 21. Calculate l(-2).
35
Let o(c) = -2505*c + 80170. Give o(32).
10
Let n(z) = 156*z + 313. Determine n(-2).
1
Let h(g) = -2*g**3 + 70*g**2 + 72*g + 81. Calculate h(36).
81
Let c(d) = d**2 + 13*d - 51. Give c(0).
-51
Let s(g) = -67*g - 2424. Give s(-36).
-12
Let u(m) = -m**2 + 64*m - 303. What is u(5)?
-8
Let r(w) = 514*w - 2574. Determine r(5).
-4
Let a(v) = v**2 - 20*v + 8. Determine a(11).
-91
Let z(k) = 6*k**3 - 5*k**2 + 6*k + 5. Calculate z(2).
45
Let j(o) = 2*o**3 - o**2 - 72*o + 13. What is j(-5)?
98
Let x(d) = -d**3 - 23*d**2 - 74*d + 67. What is x(-6)?
-101
Let z(h) = -h**2 + 63*h - 726. Give z(12).
-114
Let a(u) = 2*u**3 - 36*u**2 - 346*u + 14. Determine a(25).
114
Let a(q) = q**3 - 49*q**2 - 350*q - 115. Give a(-6).
5
Let t(s) = 36*s**3 - 12*s**2 + 9*s + 9. Give t(-3).
-1098
Let f(j) = -2*j**2 - 157*j - 1062. Give f(-71).
3
Let o(a) = -a**2 - 67*a - 1037. Calculate o(-23).
-25
Let l(u) = u**3 - 104*u**2 - 204*u - 925. Determine l(106).
-77
Let i(c) = 892*c - 5342. Give i(6).
10
Let n(z) = 64*z**2 - 4*z - 2. Determine n(-1).
66
Let b(i) = -3*i**2 + 94*i - 371. Give b(26).
45
Let a(y) = 8503*y - 153045. What is a(18)?
9
Let s(m) = -152*m - 433. Give s(-3).
23
Let a(k) = k**2 + 6*k - 785. Calculate a(-31).
-10
Let k(b) = 9*b + 270. Give k(13).
387
Let c(f) = -2*f**3 + 41*f**2 - 55*f - 47. What is c(19)?
-9
Let r(i) = -24*i + 768. What is r(32)?
0
Let o(j) = -j**2 + 14*j - 41. Calculate o(5).
4
Let x(w) = 268*w - 24650. Give x(92).
6
Let a(t) = t**3 - 5*t**2 + 4*t. Determine a(6).
60
Let p(a) = 98*a - 266. Calculate p(7).
420
Let s(g) = -22*g**3 - g**2 + 13*g + 19. Calculate s(-2).
165
Let b(k) = -2*k**3 - 289*k**2 - 44*k - 27400. Calculate b(-145).
5
Let u(g) = -394*g - 1571. Calculate u(-4).
5
Let f(c) = 12*c - 532. What is f(42)?
-28
Let y(t) = t**3 - 12*t**2 + 18*t + 46. Determine y(10).
26
Let d(p) = -p**3 - 53*p**2 + 49*p - 307. Give d(-54).
-37
Let j(i) = 41*i - 57. Calculate j(5).
148
Let v(l) = -26*l - 632. Calculate v(-24).
-8
Let i(w) = 2*w**3 - 39*w**2 + 19*w - 56. What is i(19)?
-56
Let c(v) = -v**3 + 10*v**2 + 87*v - 39. Give c(-6).
15
Let w(c) = -10*c**3 - c**2 + c - 1. What is w(-2)?
73
Let q(v) = -10*v**2 + 48*v - 56. Determine q(2).
0
Let l(q) = -q**2 + 10*q + 199. What is l(20)?
-1
Let o(h) = -h**3 - 9*h**2 - 4*h + 62. Calculate o(-7).
-8
Let o(r) = -r + 119. Calculate o(-32).
151
Let j(q) = -17*q - 331. What is j(-23)?
60
Let q(w) = -2*w**3 - 6*w**2 - 9*w - 4. Give q(-1).
1
Let d(r) = -10*r + 13. Give d(7).
-57
Let q(u)